et v(w) = -11*w + 68. Let o be v(n). Suppose 5*x + o*s = 2673, x - 88 - 449 = -s. Is x prime?
False
Let t = 4971 + 10136. Is t composite?
False
Let t(m) = -313 + 331 - m**2 - 12*m + 3*m + 3*m**3 - 4*m**2. Is t(5) composite?
False
Suppose -5*n + 21 = -2*t + 81, 5*t - 5*n = 120. Let p(i) = 5 - t*i - 11*i**2 + 12 - i**3 + 7*i**2 - 12*i**2. Is p(-16) composite?
False
Suppose -54*f + 15863046 = -17*f - 6694485. Is f a prime number?
False
Let i be (-8)/18*207/(-46). Suppose 4*m - 13602 = -i*p, -3397 = -m - 0*p - 4*p. Is m composite?
True
Suppose -96533 = -2*y + 81395 + 12442. Is y prime?
False
Let r = 83990 - 40264. Suppose 4*p = -16, 4*p - r = -3*g + 18409. Is g a composite number?
False
Let n(c) = 41*c**2 + 3*c - 2. Let y be n(1). Let v(f) = 26*f - y*f - 15 - 22*f - 64*f. Is v(-7) prime?
False
Suppose 5*k - 442 = -12*k. Suppose 20*u + 16854 = k*u. Is u prime?
False
Let x be 48/24*(15/2)/5. Let k be (-5 - (-25)/x)*-3. Is 946 - -3 - k/(-5) - -4 a prime number?
False
Let v be 2*-1*85/34. Let w be (343/5 + v)/((-2)/(-40)). Let o = w - 13. Is o composite?
False
Suppose -65*g - 10819 = -66*g - 3*a, 0 = 3*a - 18. Is g a composite number?
True
Is (-4)/10 + 361703/95 + 14 a prime number?
True
Suppose -11*d - 110181 = -164367 - 128447. Is d prime?
True
Let o(r) = 9*r**3 - 4*r**2 - 136*r + 259. Is o(38) prime?
True
Is -2*3/4 - (-637467)/6 composite?
False
Suppose -p - 10*s + 8*s + 124399 = 0, -p + 3*s + 124384 = 0. Is p prime?
False
Let d(y) = 24988*y**2 - 179*y + 4. Is d(-3) a composite number?
True
Let t(l) be the third derivative of 23*l**7/1260 + l**6/720 - l**5/20 - l**4/6 + 21*l**2. Let n(z) be the second derivative of t(z). Is n(4) a prime number?
False
Suppose -z + 61*z = 11830020. Is z prime?
False
Let n = 112420 - 62213. Is n prime?
True
Let v be -61038*(-2 - (-6)/((-36)/(-10))). Let m = -8569 + v. Is m prime?
True
Suppose -3120169 - 2541106 = -10*k - 15*k. Is k a prime number?
True
Is ((-4)/(-6))/((-6)/(-9)) + 45486 prime?
False
Suppose 163*u - 459 = 160*u. Suppose 255 = 5*x - 33*h + 32*h, u = 3*x + 5*h. Is x prime?
False
Suppose 9 = 3*b, 2*b + 10 - 37 = 3*r. Let k(x) be the third derivative of -x**6/60 + x**5/60 - x**4/12 + x**3/3 + 43*x**2. Is k(r) composite?
False
Let t(o) = -2265*o**3 - 6*o**2 - 17*o + 167. Is t(-9) prime?
True
Let z(f) = -4341*f - 718. Let q be z(-2). Let t be (-5 + 0/(-1))*-1. Suppose 4*c = -t*w + 5869 + 4086, -4*w + q = 3*c. Is w a composite number?
True
Let g(i) = -i**3 - 4*i**2 - 2*i - 6. Let u(w) = 2*w + 13. Let n be u(-8). Let j be g(n). Let y(m) = -m**3 + 11*m**2 + 8*m - 5. Is y(j) a composite number?
False
Let d(s) be the first derivative of -2027*s**2/2 - 49*s - 37. Is d(-4) prime?
True
Suppose 5*w - 8255 = -4*m, -3*w + 5*m = m - 4985. Suppose 4*l - 541 - w = 0. Let h = l + 152. Is h composite?
False
Let t(m) = 4*m**2 - 48*m - 1. Let a be t(19). Let x = 640 + a. Is x a prime number?
True
Suppose -4*v = -4*r + 188628, 10*v + 235793 = 5*r + 7*v. Is r composite?
False
Let b(m) = -m**3 - 17*m**2 + 17*m - 14. Let n be b(-18). Suppose l = -0*l + 5*u + 585, l - 588 = n*u. Let j = 931 - l. Is j a composite number?
False
Let y = -33 - -41. Suppose o - y*o = -105. Is 600/o + 1*3 composite?
False
Let q = -12 + 8. Let y be (65/15)/(q/(-1356)). Is y/3 - 44/(-33) a prime number?
True
Let n(q) = 27*q**2 - 4*q - 17. Let z be n(-8). Let c = 43 + z. Let d = -1077 + c. Is d a composite number?
False
Let d = 159019 - -1384119. Is d composite?
True
Suppose -18*n = -20*n + 16130. Suppose -5*j + 2*c + 0*c = -40317, -j + 2*c = -n. Is j a prime number?
False
Let d be (-11 + 1)*(-15 - 100). Let v = d - -507. Is v composite?
False
Let h(r) = -7*r**3 - 39*r**2 - 52*r + 161. Is h(-43) a prime number?
False
Let j(t) be the first derivative of 7*t**4/4 + t**3 - 3*t**2/2 + 5*t + 5. Let b(u) = -u**3 - 2*u**2 + 16*u - 1. Let x be b(3). Is j(x) composite?
False
Let t = -9323 - -16009. Let y = 12429 - t. Suppose -12*b + 9389 = -y. Is b prime?
False
Suppose 8*m + 2*m - 20 = 0. Suppose -14 = 2*r - m*o, -r + 0 = 2*o + 1. Is (-40)/100 - 8667/r composite?
False
Let m = 338213 + -123318. Is m prime?
False
Suppose -14*r + 898217 = 246363. Suppose -182280 = -5*f + 4*z - r, f - 5*z = 27148. Is f prime?
True
Let n(y) = 124*y + 19. Let d(c) = 62*c + 9. Let b(m) = -m**2 + 7*m + 7. Let j be b(7). Let x(a) = j*d(a) - 4*n(a). Is x(-9) composite?
True
Suppose 226*u + 203549 = 227*u - q, -2*q - 610647 = -3*u. Is u prime?
True
Let f(z) = 6950*z + 63. Let a(h) = -2*h**3 + 8*h**2 + 2. Let y be a(4). Is f(y) prime?
True
Let p be (6/(-5))/((-18)/60). Suppose 4*j - 20 = p*o, 3*j = 5*o - 2 + 17. Suppose x - 14 = 5*u + 482, 1498 = 3*x - j*u. Is x a composite number?
True
Let y = -293 - -296. Suppose -y*z = -4*d - 5*z + 17174, 2*d - 4*z = 8562. Is d composite?
True
Let l be 7/21 - (-91582)/6. Suppose -5*o - j = 747 - l, 0 = 2*o - 4*j - 5820. Suppose o - 617 = h. Is h prime?
True
Let y(f) = 3*f**2 + 5*f + 1269. Is y(-58) a composite number?
False
Suppose -2*j + 0*j = -4. Let l be (-1 - (-8)/2) + j + -3. Suppose 2*b - 5*x = -l*b + 864, 5*b - 2*x - 1063 = 0. Is b a prime number?
True
Let m(h) be the second derivative of h**5/20 + h**4/4 + 2*h**3/3 + 7*h**2/2 + 6*h. Let r be m(-2). Is 4/10 - r/(-30)*5326 composite?
True
Is -3*(-1 + -93580)*145/435 prime?
True
Suppose 0 = 5*c - 14 + 4. Let x be (c - (2 + 1)) + 3. Is (-158 - 0/x)/((-8)/4) a prime number?
True
Let c = 14130 + 10875. Suppose -5*w - 4240 = -c. Is w prime?
True
Let o(u) = -944*u**3 - 18*u**2 - 162*u - 113. Is o(-11) composite?
True
Let k(d) = -2*d - 6. Let m be k(-4). Suppose 49 = -4*o + 5*s, -s + 31 = -4*o + m. Is 3/1*(-4946)/o a prime number?
True
Suppose -42*z + 154 = 35*z. Suppose -5*j - 5 = 0, 0*j - j + 14 = 5*t. Suppose -402 = -2*v - t*a, -3*v + a + 603 = z*a. Is v a prime number?
False
Suppose 0 = 2*q + 2*g - 719118, 11*q - 3*g = -222433 + 4177610. Is q prime?
True
Let i(d) = 14*d**3 - 11*d**2 + 2*d - 21. Let n(k) = 5*k**3 - 4*k**2 + k - 7. Let b(a) = 4*i(a) - 11*n(a). Let r be b(0). Is 2*(-3)/(4 + r) + 585 composite?
False
Let l(j) be the first derivative of 237*j**4/4 - 2*j**3/3 + 5*j**2 - 7*j + 78. Is l(2) prime?
True
Let u = 39 + -36. Suppose -4*z + 2*z + 3*m = -23, -z = u*m + 11. Suppose -g + 4*d + 1526 = 3*d, -z*d + 20 = 0. Is g a prime number?
True
Let z(y) = -2*y**2 - 26*y - 11. Let c be z(-8). Suppose c*b - 75*b = -26238. Is b a composite number?
False
Suppose -2*t + 478 = -2*c - 1276, 4*t + 4*c = 3508. Is t a composite number?
False
Suppose -219*i = -45604813 - 29857988. Is i prime?
False
Let p = 12921 + 75248. Is p composite?
False
Suppose 0 = 5*s + 3*x - 1703, -1704 = -7*s + 2*s - 4*x. Suppose 0 = -y - 2*y - 465. Let i = s + y. Is i a composite number?
True
Let i be 22269/13 - 6*1. Is (i + -1)*(5 - (-45)/(-10)) composite?
False
Suppose -5*f = -5, -48*c - 3532195 = -52*c + f. Is c composite?
False
Is (-1 + 6769/(-3))*(-5481)/252 a composite number?
True
Is ((-14)/((-210)/(-44181)))/(3/(-15)) prime?
False
Let o be 2/6 - (44434/(-6) + 4). Let q = o - -15853. Is q a composite number?
True
Let r(f) = -12*f**2 - f**3 - 12 + 3*f**3 + 11. Let p be r(6). Is p - (-3 - (-756)/(-4)) composite?
False
Suppose 5*h = 2*m - 1 - 39, 2*m - 2*h - 34 = 0. Suppose 0 = -l + 4*a + 35, -2*l + 2*a = -43 - m. Suppose l*c - 9505 = 22*c. Is c a prime number?
True
Suppose -5*t = o - 28401, -t = -4*o - 3440 - 2236. Let a = -2681 + t. Is a composite?
False
Let z be -26 - (3 + -2) - -3. Let n be ((-2334)/(-24))/((-2)/z). Let v = n + 482. Is v composite?
True
Let a be (-3 - 1) + 1 - -7. Let d be ((-1)/a)/((-3)/60). Let s(k) = -k**3 + 7*k**2 + 6*k - 3. Is s(d) a prime number?
False
Let j = -8331 + 36178. Is j composite?
False
Let r = 126952 + 75641. Is r a composite number?
True
Suppose -4*q - 1005158 = -54*b + 52*b, -3*b = -5*q - 1507743. Is b a prime number?
True
Let q = 661 + -657. Suppose n - 5*n - 5*z = -2682, -q = 2*z. Is n composite?
False
Let m = 334499 - 178246. Is m a composite number?
False
Suppose u + 959533 = x, 4*x - 20*u + 22*u - 3838168 = 0. Is x prime?
False
Suppose -5*k - 10 = 5*w, 4*w = 5*k - w - 20. Is 230/(-92) + 60746/4 + k composite?
True
Let a(y) = -2*y**3 + y + 578. Let k be a(0). Let o = k - 445. Is o composite?
True
Suppose 0 = -g - 7, 4*q - 204*g + 200*g - 3461016 = 0. Is q composite?
False
Suppose -f - 